{"id":66,"date":"2024-12-06T19:12:06","date_gmt":"2024-12-06T19:12:06","guid":{"rendered":"https:\/\/zonaretrogamers.com\/?page_id=66"},"modified":"2024-12-10T00:27:55","modified_gmt":"2024-12-09T23:27:55","slug":"home","status":"publish","type":"page","link":"https:\/\/zonaretrogamers.com\/","title":{"rendered":"Inicio"},"content":{"rendered":"\n<p class=\"has-nv-text-dark-bg-color has-midnight-gradient-background has-text-color has-background has-link-color wp-elements-61bfa99f0862dd6ce5af4f508c16a3e9\"><strong>PROXIMAMENTE ESTAREMOS OPERATIVOS<\/strong><\/p>\n\n\n\n<div class=\"wp-block-cover alignfull has-nv-site-bg-color has-text-color has-link-color wp-elements-2e5a2d6d4beba35ab935a5990592f2f9\" style=\"min-height:720px;aspect-ratio:unset;\"><span aria-hidden=\"true\" class=\"wp-block-cover__background has-background-dim-100 has-background-dim\" style=\"background-color:#0e0a0a\"><\/span><div class=\"wp-block-cover__inner-container is-layout-flow wp-block-cover-is-layout-flow\">\n<div class=\"wp-block-group alignwide\"><div class=\"wp-block-group__inner-container is-layout-constrained wp-block-group-is-layout-constrained\">\n<div class=\"wp-block-media-text alignwide has-media-on-the-right is-stacked-on-mobile is-vertically-aligned-center\" style=\"grid-template-columns:auto 43%\"><div class=\"wp-block-media-text__content\">\n<h1 class=\"wp-block-heading has-text-align-left has-text-color has-link-color wp-elements-a107cfda302ba1001ebd5d8f0d7231d0\" style=\"color:#ecd657\">Las consolas que marcaron una era, ahora al alcance de tus manos!<\/h1>\n\n\n\n<p class=\"has-text-color has-link-color wp-elements-a3e118a0e971b9db9b503885b58a7fcd\" style=\"color:#e78c46\">En <strong>Zona Retrogamers<\/strong>, amamos los videojuegos cl\u00e1sicos. Por eso, nos dedicamos a ofrecerte una amplia selecci\u00f3n de consolas retro y accesorios para que puedas disfrutar de los t\u00edtulos que hicieron historia. Con env\u00edos internacionales, llevamos la nostalgia directamente a tu puerta. \u00a1Explora nuestra colecci\u00f3n y revive los mejores momentos del gaming retro!<\/p>\n\n\n\n<div class=\"wp-block-buttons is-layout-flex wp-block-buttons-is-layout-flex\">\n<div class=\"wp-block-button is-style-primary\"><a class=\"wp-block-button__link has-background wp-element-button\" href=\"#\" style=\"background-color:#ad2fa8\">Tienda<\/a><\/div>\n<\/div>\n<\/div><figure class=\"wp-block-media-text__media\"><img loading=\"lazy\" decoding=\"async\" width=\"160\" height=\"162\" src=\"https:\/\/zonaretrogamers.com\/wp-content\/uploads\/2024\/12\/Logo160.png\" alt=\"\" class=\"wp-image-84 size-full\" srcset=\"https:\/\/zonaretrogamers.com\/wp-content\/uploads\/2024\/12\/Logo160.png 160w, https:\/\/zonaretrogamers.com\/wp-content\/uploads\/2024\/12\/Logo160-100x100.png 100w\" sizes=\"auto, (max-width: 160px) 100vw, 160px\" \/><\/figure><\/div>\n<\/div><\/div>\n<\/div><\/div>\n\n\n\n<div class=\"wp-block-group alignfull has-ast-global-color-5-background-color has-background\" style=\"padding-bottom:0px\"><div class=\"wp-block-group__inner-container is-layout-constrained wp-container-core-group-is-layout-9ff7351d wp-block-group-is-layout-constrained\">\n<div class=\"wp-block-columns are-vertically-aligned-top is-layout-flex wp-container-core-columns-is-layout-88c107d0 wp-block-columns-is-layout-flex\">\n<div class=\"wp-block-column is-vertically-aligned-top is-layout-flow wp-block-column-is-layout-flow\">\n<figure class=\"wp-block-image size-large\"><img decoding=\"async\" src=\"https:\/\/zonaretrogamers.com\/wp-content\/themes\/astra\/inc\/assets\/images\/starter-content\/building.svg\" alt=\"\" class=\"wp-image-134\"\/><\/figure>\n\n\n\n<h3 class=\"wp-block-heading has-text-align-left\" style=\"margin-top:16px\">Comercio de aqu\u00ed<\/h3>\n\n\n\n<p class=\"has-text-align-left\">Empresa del pa\u00eds con envios nacionales. Recibe tu consola en lo que tardaba a cargarse un juego de la NES.<\/p>\n<\/div>\n\n\n\n<div class=\"wp-block-column is-vertically-aligned-top is-layout-flow wp-block-column-is-layout-flow\">\n<figure class=\"wp-block-image size-large\"><img decoding=\"async\" src=\"https:\/\/zonaretrogamers.com\/wp-content\/themes\/astra\/inc\/assets\/images\/starter-content\/shopping-bag.svg\" alt=\"\" class=\"wp-image-135\"\/><\/figure>\n\n\n\n<h3 class=\"wp-block-heading has-text-align-left\" style=\"margin-top:16px\">Tienda Online<\/h3>\n\n\n\n<p class=\"has-text-align-left\">Todo lo que puedas necesitar para disfrutar de tu consola en nuestra tienda.<\/p>\n<\/div>\n\n\n\n<div class=\"wp-block-column is-vertically-aligned-top is-layout-flow wp-block-column-is-layout-flow\">\n<figure class=\"wp-block-image size-large\"><img decoding=\"async\" src=\"https:\/\/zonaretrogamers.com\/wp-content\/themes\/astra\/inc\/assets\/images\/starter-content\/portfolio.svg\" alt=\"\" class=\"wp-image-137\"\/><\/figure>\n\n\n\n<h3 class=\"wp-block-heading has-text-align-left\" style=\"margin-top:16px\">Servicio Integral<\/h3>\n\n\n\n<p class=\"has-text-align-left\">No solo vendemos la consola, te acompa\u00f1amos en toda la experiencia para que esta sea RETRO!<\/p>\n<\/div>\n<\/div>\n<\/div><\/div>\n\n\n\n<div class=\"wp-block-group alignfull\" id=\"whyus\" style=\"padding-top:144px;padding-bottom:144px\"><div class=\"wp-block-group__inner-container is-layout-constrained wp-container-core-group-is-layout-360cd3be wp-block-group-is-layout-constrained\">\n<div class=\"wp-block-columns is-layout-flex wp-container-core-columns-is-layout-327a385a wp-block-columns-is-layout-flex\" style=\"margin-top:60px\">\n<div class=\"wp-block-column is-layout-flow wp-block-column-is-layout-flow\">\n<figure class=\"wp-block-image size-large\"><img decoding=\"async\" src=\"https:\/\/zonaretrogamers.com\/wp-content\/themes\/astra\/inc\/assets\/images\/starter-content\/passionate.svg\" alt=\"\" class=\"wp-image-162\"\/><\/figure>\n\n\n\n<h3 class=\"wp-block-heading\" style=\"margin-top:16px\">Pasi\u00f3n<\/h3>\n\n\n\n<p>En <em>Zona Retrogamers<\/em>, vivimos y respiramos nostalgia. Cada consola y juego que ofrecemos es una oportunidad para que nuestros clientes redescubran la emoci\u00f3n de los videojuegos cl\u00e1sicos, aquellos que marcaron generaciones. Nos enorgullece compartir esta pasi\u00f3n con cada uno de nuestros seguidores y mantener viva la esencia del retro gaming.<\/p>\n<\/div>\n\n\n\n<div class=\"wp-block-column is-layout-flow wp-block-column-is-layout-flow\">\n<figure class=\"wp-block-image size-large\"><img decoding=\"async\" src=\"https:\/\/zonaretrogamers.com\/wp-content\/themes\/astra\/inc\/assets\/images\/starter-content\/professional.svg\" alt=\"\" class=\"wp-image-163\"\/><\/figure>\n\n\n\n<h3 class=\"wp-block-heading\" style=\"margin-top:16px\">Profesionalidad<\/h3>\n\n\n\n<p>Cada producto que ofrecemos en <em>Zona Retrogamers<\/em> pasa por un riguroso control de calidad. Nos esforzamos por mantener altos est\u00e1ndares y brindar un servicio profesional que refleje nuestra dedicaci\u00f3n y experiencia en el mundo del retro gaming. Con nosotros, puedes confiar en que recibir\u00e1s lo mejor, siempre.<\/p>\n<\/div>\n\n\n\n<div class=\"wp-block-column is-layout-flow wp-block-column-is-layout-flow\">\n<figure class=\"wp-block-image size-large\"><img decoding=\"async\" src=\"https:\/\/zonaretrogamers.com\/wp-content\/themes\/astra\/inc\/assets\/images\/starter-content\/support.svg\" alt=\"\" class=\"wp-image-164\"\/><\/figure>\n\n\n\n<h3 class=\"wp-block-heading\" style=\"margin-top:16px\">Soporte<\/h3>\n\n\n\n<p>Nuestro compromiso es asegurarnos de que tu experiencia sea perfecta. En <em>Zona Retrogamers<\/em>, ofrecemos un soporte cercano y accesible, listo para resolver cualquier duda o necesidad. Desde recomendaciones personalizadas hasta ayuda t\u00e9cnica, estamos aqu\u00ed para acompa\u00f1arte en cada paso de tu aventura retro.<\/p>\n<\/div>\n<\/div>\n<\/div><\/div>\n\n\n\n<div class=\"wp-block-group alignfull has-background\" id=\"contact\" style=\"background:linear-gradient(135deg,rgb(230,234,89) 0%,rgb(235,182,82) 48%,rgb(243,64,193) 100%);padding-top:104px;padding-bottom:104px\"><div class=\"wp-block-group__inner-container is-layout-constrained wp-container-core-group-is-layout-7a1c33fc wp-block-group-is-layout-constrained\">\n<h2 class=\"wp-block-heading has-text-align-center has-text-color\" style=\"color:#ffffff\">Compra tu consola y revive el pasado, hoy!<\/h2>\n\n\n\n<div class=\"wp-block-buttons alignwide is-horizontal is-content-justification-center is-layout-flex wp-container-core-buttons-is-layout-91318718 wp-block-buttons-is-layout-flex\" style=\"margin-top:50px\">\n<div class=\"wp-block-button\"><a class=\"wp-block-button__link wp-element-button\">Tienda<\/a><\/div>\n<\/div>\n<\/div><\/div>\n","protected":false},"excerpt":{"rendered":"<p>PROXIMAMENTE ESTAREMOS OPERATIVOS Comercio de aqu\u00ed Empresa del pa\u00eds con envios nacionales. Recibe tu consola en lo que tardaba a cargarse un juego de la NES. Tienda Online Todo lo que puedas necesitar para disfrutar de tu consola en nuestra tienda. Servicio Integral No solo vendemos la consola, te acompa\u00f1amos en toda la experiencia para&hellip;&nbsp;<\/p>\n","protected":false},"author":1,"featured_media":0,"parent":0,"menu_order":0,"comment_status":"closed","ping_status":"closed","template":"","meta":{"neve_meta_sidebar":"","neve_meta_container":"","neve_meta_enable_content_width":"","neve_meta_content_width":0,"neve_meta_title_alignment":"","neve_meta_author_avatar":"","neve_post_elements_order":"","neve_meta_disable_header":"","neve_meta_disable_footer":"","neve_meta_disable_title":"","footnotes":""},"class_list":["post-66","page","type-page","status-publish","hentry"],"yoast_head":"<!-- This site is optimized with the Yoast SEO plugin v27.3 - https:\/\/yoast.com\/product\/yoast-seo-wordpress\/ -->\n<title>Inicio - Zona Retrogamers<\/title>\n<meta name=\"robots\" content=\"index, follow, max-snippet:-1, max-image-preview:large, max-video-preview:-1\" \/>\n<link rel=\"canonical\" href=\"https:\/\/zonaretrogamers.com\/\" \/>\n<meta property=\"og:locale\" content=\"es_ES\" \/>\n<meta property=\"og:type\" content=\"article\" \/>\n<meta property=\"og:title\" content=\"Inicio - Zona Retrogamers\" \/>\n<meta property=\"og:description\" content=\"PROXIMAMENTE ESTAREMOS OPERATIVOS Comercio de aqu\u00ed Empresa del pa\u00eds con envios nacionales. Recibe tu consola en lo que tardaba a cargarse un juego de la NES. Tienda Online Todo lo que puedas necesitar para disfrutar de tu consola en nuestra tienda. Servicio Integral No solo vendemos la consola, te acompa\u00f1amos en toda la experiencia para&hellip;&nbsp;\" \/>\n<meta property=\"og:url\" content=\"https:\/\/zonaretrogamers.com\/\" \/>\n<meta property=\"og:site_name\" content=\"Zona Retrogamers\" \/>\n<meta property=\"article:modified_time\" content=\"2024-12-09T23:27:55+00:00\" \/>\n<meta property=\"og:image\" content=\"https:\/\/zonaretrogamers.com\/wp-content\/uploads\/2024\/12\/Logo160.png\" \/>\n\t<meta property=\"og:image:width\" content=\"160\" \/>\n\t<meta property=\"og:image:height\" content=\"162\" \/>\n\t<meta property=\"og:image:type\" content=\"image\/png\" \/>\n<meta name=\"twitter:card\" content=\"summary_large_image\" \/>\n<meta name=\"twitter:label1\" content=\"Tiempo de lectura\" \/>\n\t<meta name=\"twitter:data1\" content=\"3 minutos\" \/>\n<script type=\"application\/ld+json\" class=\"yoast-schema-graph\">{\"@context\":\"https:\\\/\\\/schema.org\",\"@graph\":[{\"@type\":\"WebPage\",\"@id\":\"https:\\\/\\\/zonaretrogamers.com\\\/\",\"url\":\"https:\\\/\\\/zonaretrogamers.com\\\/\",\"name\":\"Inicio - Zona Retrogamers\",\"isPartOf\":{\"@id\":\"https:\\\/\\\/zonaretrogamers.com\\\/#website\"},\"primaryImageOfPage\":{\"@id\":\"https:\\\/\\\/zonaretrogamers.com\\\/#primaryimage\"},\"image\":{\"@id\":\"https:\\\/\\\/zonaretrogamers.com\\\/#primaryimage\"},\"thumbnailUrl\":\"https:\\\/\\\/zonaretrogamers.com\\\/wp-content\\\/uploads\\\/2024\\\/12\\\/Logo160.png\",\"datePublished\":\"2024-12-06T19:12:06+00:00\",\"dateModified\":\"2024-12-09T23:27:55+00:00\",\"breadcrumb\":{\"@id\":\"https:\\\/\\\/zonaretrogamers.com\\\/#breadcrumb\"},\"inLanguage\":\"es\",\"potentialAction\":[{\"@type\":\"ReadAction\",\"target\":[\"https:\\\/\\\/zonaretrogamers.com\\\/\"]}]},{\"@type\":\"ImageObject\",\"inLanguage\":\"es\",\"@id\":\"https:\\\/\\\/zonaretrogamers.com\\\/#primaryimage\",\"url\":\"https:\\\/\\\/zonaretrogamers.com\\\/wp-content\\\/uploads\\\/2024\\\/12\\\/Logo160.png\",\"contentUrl\":\"https:\\\/\\\/zonaretrogamers.com\\\/wp-content\\\/uploads\\\/2024\\\/12\\\/Logo160.png\",\"width\":160,\"height\":162},{\"@type\":\"BreadcrumbList\",\"@id\":\"https:\\\/\\\/zonaretrogamers.com\\\/#breadcrumb\",\"itemListElement\":[{\"@type\":\"ListItem\",\"position\":1,\"name\":\"Portada\",\"item\":\"https:\\\/\\\/zonaretrogamers.com\\\/\"},{\"@type\":\"ListItem\",\"position\":2,\"name\":\"Inicio\"}]},{\"@type\":\"WebSite\",\"@id\":\"https:\\\/\\\/zonaretrogamers.com\\\/#website\",\"url\":\"https:\\\/\\\/zonaretrogamers.com\\\/\",\"name\":\"Zona Retrogamers\",\"description\":\"Revive los Cl\u00e1sicos del Pasado con Zona Retrogamers\",\"publisher\":{\"@id\":\"https:\\\/\\\/zonaretrogamers.com\\\/#organization\"},\"potentialAction\":[{\"@type\":\"SearchAction\",\"target\":{\"@type\":\"EntryPoint\",\"urlTemplate\":\"https:\\\/\\\/zonaretrogamers.com\\\/?s={search_term_string}\"},\"query-input\":{\"@type\":\"PropertyValueSpecification\",\"valueRequired\":true,\"valueName\":\"search_term_string\"}}],\"inLanguage\":\"es\"},{\"@type\":\"Organization\",\"@id\":\"https:\\\/\\\/zonaretrogamers.com\\\/#organization\",\"name\":\"Zona Retrogamers\",\"url\":\"https:\\\/\\\/zonaretrogamers.com\\\/\",\"logo\":{\"@type\":\"ImageObject\",\"inLanguage\":\"es\",\"@id\":\"https:\\\/\\\/zonaretrogamers.com\\\/#\\\/schema\\\/logo\\\/image\\\/\",\"url\":\"https:\\\/\\\/zonaretrogamers.com\\\/wp-content\\\/uploads\\\/2024\\\/12\\\/logo-1.png\",\"contentUrl\":\"https:\\\/\\\/zonaretrogamers.com\\\/wp-content\\\/uploads\\\/2024\\\/12\\\/logo-1.png\",\"width\":156,\"height\":40,\"caption\":\"Zona Retrogamers\"},\"image\":{\"@id\":\"https:\\\/\\\/zonaretrogamers.com\\\/#\\\/schema\\\/logo\\\/image\\\/\"}}]}<\/script>\n<!-- \/ Yoast SEO plugin. -->","yoast_head_json":{"title":"Inicio - Zona Retrogamers","robots":{"index":"index","follow":"follow","max-snippet":"max-snippet:-1","max-image-preview":"max-image-preview:large","max-video-preview":"max-video-preview:-1"},"canonical":"https:\/\/zonaretrogamers.com\/","og_locale":"es_ES","og_type":"article","og_title":"Inicio - Zona Retrogamers","og_description":"PROXIMAMENTE ESTAREMOS OPERATIVOS Comercio de aqu\u00ed Empresa del pa\u00eds con envios nacionales. Recibe tu consola en lo que tardaba a cargarse un juego de la NES. Tienda Online Todo lo que puedas necesitar para disfrutar de tu consola en nuestra tienda. Servicio Integral No solo vendemos la consola, te acompa\u00f1amos en toda la experiencia para&hellip;&nbsp;","og_url":"https:\/\/zonaretrogamers.com\/","og_site_name":"Zona Retrogamers","article_modified_time":"2024-12-09T23:27:55+00:00","og_image":[{"width":160,"height":162,"url":"https:\/\/zonaretrogamers.com\/wp-content\/uploads\/2024\/12\/Logo160.png","type":"image\/png"}],"twitter_card":"summary_large_image","twitter_misc":{"Tiempo de lectura":"3 minutos"},"schema":{"@context":"https:\/\/schema.org","@graph":[{"@type":"WebPage","@id":"https:\/\/zonaretrogamers.com\/","url":"https:\/\/zonaretrogamers.com\/","name":"Inicio - Zona Retrogamers","isPartOf":{"@id":"https:\/\/zonaretrogamers.com\/#website"},"primaryImageOfPage":{"@id":"https:\/\/zonaretrogamers.com\/#primaryimage"},"image":{"@id":"https:\/\/zonaretrogamers.com\/#primaryimage"},"thumbnailUrl":"https:\/\/zonaretrogamers.com\/wp-content\/uploads\/2024\/12\/Logo160.png","datePublished":"2024-12-06T19:12:06+00:00","dateModified":"2024-12-09T23:27:55+00:00","breadcrumb":{"@id":"https:\/\/zonaretrogamers.com\/#breadcrumb"},"inLanguage":"es","potentialAction":[{"@type":"ReadAction","target":["https:\/\/zonaretrogamers.com\/"]}]},{"@type":"ImageObject","inLanguage":"es","@id":"https:\/\/zonaretrogamers.com\/#primaryimage","url":"https:\/\/zonaretrogamers.com\/wp-content\/uploads\/2024\/12\/Logo160.png","contentUrl":"https:\/\/zonaretrogamers.com\/wp-content\/uploads\/2024\/12\/Logo160.png","width":160,"height":162},{"@type":"BreadcrumbList","@id":"https:\/\/zonaretrogamers.com\/#breadcrumb","itemListElement":[{"@type":"ListItem","position":1,"name":"Portada","item":"https:\/\/zonaretrogamers.com\/"},{"@type":"ListItem","position":2,"name":"Inicio"}]},{"@type":"WebSite","@id":"https:\/\/zonaretrogamers.com\/#website","url":"https:\/\/zonaretrogamers.com\/","name":"Zona Retrogamers","description":"Revive los Cl\u00e1sicos del Pasado con Zona Retrogamers","publisher":{"@id":"https:\/\/zonaretrogamers.com\/#organization"},"potentialAction":[{"@type":"SearchAction","target":{"@type":"EntryPoint","urlTemplate":"https:\/\/zonaretrogamers.com\/?s={search_term_string}"},"query-input":{"@type":"PropertyValueSpecification","valueRequired":true,"valueName":"search_term_string"}}],"inLanguage":"es"},{"@type":"Organization","@id":"https:\/\/zonaretrogamers.com\/#organization","name":"Zona Retrogamers","url":"https:\/\/zonaretrogamers.com\/","logo":{"@type":"ImageObject","inLanguage":"es","@id":"https:\/\/zonaretrogamers.com\/#\/schema\/logo\/image\/","url":"https:\/\/zonaretrogamers.com\/wp-content\/uploads\/2024\/12\/logo-1.png","contentUrl":"https:\/\/zonaretrogamers.com\/wp-content\/uploads\/2024\/12\/logo-1.png","width":156,"height":40,"caption":"Zona Retrogamers"},"image":{"@id":"https:\/\/zonaretrogamers.com\/#\/schema\/logo\/image\/"}}]}},"jetpack_sharing_enabled":true,"_links":{"self":[{"href":"https:\/\/zonaretrogamers.com\/index.php?rest_route=\/wp\/v2\/pages\/66","targetHints":{"allow":["GET"]}}],"collection":[{"href":"https:\/\/zonaretrogamers.com\/index.php?rest_route=\/wp\/v2\/pages"}],"about":[{"href":"https:\/\/zonaretrogamers.com\/index.php?rest_route=\/wp\/v2\/types\/page"}],"author":[{"embeddable":true,"href":"https:\/\/zonaretrogamers.com\/index.php?rest_route=\/wp\/v2\/users\/1"}],"replies":[{"embeddable":true,"href":"https:\/\/zonaretrogamers.com\/index.php?rest_route=%2Fwp%2Fv2%2Fcomments&post=66"}],"version-history":[{"count":11,"href":"https:\/\/zonaretrogamers.com\/index.php?rest_route=\/wp\/v2\/pages\/66\/revisions"}],"predecessor-version":[{"id":111,"href":"https:\/\/zonaretrogamers.com\/index.php?rest_route=\/wp\/v2\/pages\/66\/revisions\/111"}],"wp:attachment":[{"href":"https:\/\/zonaretrogamers.com\/index.php?rest_route=%2Fwp%2Fv2%2Fmedia&parent=66"}],"curies":[{"name":"wp","href":"https:\/\/api.w.org\/{rel}","templated":true}]}}